{"id":32,"date":"2021-12-04T13:09:25","date_gmt":"2021-12-04T12:09:25","guid":{"rendered":"http:\/\/puqxjtn.cluster029.hosting.ovh.net\/?page_id=32"},"modified":"2022-01-04T19:24:04","modified_gmt":"2022-01-04T18:24:04","slug":"villas-individuelles","status":"publish","type":"page","link":"https:\/\/nova-bet.fr\/index.php\/villas-individuelles\/","title":{"rendered":"VILLAS INDIVIDUELLES"},"content":{"rendered":"\n<p>En tant que particulier ou architecte, vous cherchez des techniciens et des ing\u00e9nieurs pour trouver des solutions optimales pour la structure, nous pouvons vous aider et assister \u00e0 la r\u00e9alisation du votre projet d&rsquo;une villa individuelle.<\/p>\n\n\n\n<p><\/p>\n\n\n\n<h2>PRESTATIONS<\/h2>\n\n\n\n<p>Voici la liste des prestations que nous pouvons vous proposer pour b\u00e2tir votre villa\u00a0<\/p>\n\n\n\n<ul><li>la note des hypoth\u00e8ses sommaires selon les r\u00e8glements en cours ( Eurocodes, DTU )<\/li><li>le calcul et le dimensionnement des fondations selon le rapport du sol G2 PRO obligatoire<\/li><li>la vue en plan des fondations VS coffrage, les axes, les cotations EXE, les \u00e9quarrissages des porteurs.<\/li><li>le carnet des coupes \/ d\u00e9tails \/ armatures des fondations.<\/li><li>le plan d&rsquo;armatures plancher coul\u00e9 sur place, avec les TS standard, les d\u00e9tails d&rsquo;ancrages, les chapeaux.<\/li><li>la vue en plan RDC coffrage, les axes, les cotations EXE, les \u00e9quarrissages des porteurs.<\/li><li>le carnet des coupes \/ d\u00e9tails \/ armatures des verticaux \/ poutres \/ poteaux \/ raidisseurs.<\/li><li>le plan d&rsquo;armatures plancher coul\u00e9 sur place, avec les TS standard, les d\u00e9tails d&rsquo;ancrages, les chapeaux.<\/li><li>la vue en plan 1er coffrage, les axes, les cotations EXE, les \u00e9quarrissages des porteurs, suivant les arases de la charpente.<\/li><li>le carnet des coupes \/ d\u00e9tails \/ armatures des verticaux \/ poutres \/ poteaux \/ raidisseurs.<\/li><li>mises \u00e0 jour \/ visites sur place \/ mise au point avec l&rsquo;entreprise.<\/li><\/ul>\n\n\n\n<h2>TARIFS <\/h2>\n\n\n\n<p>Les prix de nos prestations sont variables par rapport \u00e0 la complexit\u00e9 de votre projet ( les balcons, les casquettes, les \u00e9tages d\u00e9port\u00e9s ).<\/p>\n\n\n\n<p>\u200bNos tarifs sont de 40 euros HT \/ heure pour un technicien ou un dessinateur du b\u00e2timent.<\/p>\n\n\n\n<p><br>Pour votre projet, il faut pr\u00e9voir 40 heures d&rsquo;\u00e9tudes si le projet est en plain pied, et 60 heures de dessin si R+1 ou plus complexe, \u00e0 demander un devis pour le prix exact.<\/p>\n\n\n\n<p><br>Pour des villas > 200 m\u00b2 ou tr\u00e8s techniques, pr\u00e9voir 100 heures environ de dessin et d&rsquo;\u00e9tudes.<\/p>\n\n\n\n<h2>LIENS UTILES<\/h2>\n\n\n\n<p><a href=\"https:\/\/www.georisques.gouv.fr\/\">https:\/\/www.georisques.gouv.fr\/<\/a><\/p>\n\n\n\n<p><a href=\"https:\/\/www.bouches-du-rhone.gouv.fr\/content\/download\/4744\/27560\/file\/CLASSIFICATION%20DES%20MISSION%20GEOTECHNIQUES%20TYPES.pdf\">https:\/\/www.bouches-du-rhone.gouv.fr\/content\/download\/4744\/27560\/file\/CLASSIFICATION%20DES%20MISSION%20GEOTECHNIQUES%20TYPES.pdf<\/a><\/p>\n\n\n\n<figure class=\"wp-block-image size-large\"><img loading=\"lazy\" width=\"1024\" height=\"683\" src=\"https:\/\/nova-bet.fr\/wp-content\/uploads\/2021\/12\/r-architecture-A8W70m5jv_k-unsplash-1024x683.jpg\" alt=\"\" class=\"wp-image-100\" srcset=\"https:\/\/nova-bet.fr\/wp-content\/uploads\/2021\/12\/r-architecture-A8W70m5jv_k-unsplash-1024x683.jpg 1024w, https:\/\/nova-bet.fr\/wp-content\/uploads\/2021\/12\/r-architecture-A8W70m5jv_k-unsplash-300x200.jpg 300w, https:\/\/nova-bet.fr\/wp-content\/uploads\/2021\/12\/r-architecture-A8W70m5jv_k-unsplash-768x512.jpg 768w, https:\/\/nova-bet.fr\/wp-content\/uploads\/2021\/12\/r-architecture-A8W70m5jv_k-unsplash-1536x1024.jpg 1536w, https:\/\/nova-bet.fr\/wp-content\/uploads\/2021\/12\/r-architecture-A8W70m5jv_k-unsplash.jpg 1920w\" sizes=\"(max-width: 1024px) 100vw, 1024px\" \/><\/figure>\n\n\n\n<figure class=\"wp-block-image size-large\"><img loading=\"lazy\" width=\"1024\" height=\"683\" src=\"https:\/\/nova-bet.fr\/wp-content\/uploads\/2021\/12\/avi-werde-hHz4yrvxwlA-unsplash-1024x683.jpg\" alt=\"\" class=\"wp-image-98\" srcset=\"https:\/\/nova-bet.fr\/wp-content\/uploads\/2021\/12\/avi-werde-hHz4yrvxwlA-unsplash-1024x683.jpg 1024w, https:\/\/nova-bet.fr\/wp-content\/uploads\/2021\/12\/avi-werde-hHz4yrvxwlA-unsplash-300x200.jpg 300w, https:\/\/nova-bet.fr\/wp-content\/uploads\/2021\/12\/avi-werde-hHz4yrvxwlA-unsplash-768x512.jpg 768w, https:\/\/nova-bet.fr\/wp-content\/uploads\/2021\/12\/avi-werde-hHz4yrvxwlA-unsplash-1536x1024.jpg 1536w, https:\/\/nova-bet.fr\/wp-content\/uploads\/2021\/12\/avi-werde-hHz4yrvxwlA-unsplash.jpg 1920w\" sizes=\"(max-width: 1024px) 100vw, 1024px\" \/><\/figure>\n\n\n\n<figure class=\"wp-block-image size-large\"><img loading=\"lazy\" width=\"1024\" height=\"576\" src=\"https:\/\/nova-bet.fr\/wp-content\/uploads\/2021\/12\/villa-1024x576.png\" alt=\"\" class=\"wp-image-96\" srcset=\"https:\/\/nova-bet.fr\/wp-content\/uploads\/2021\/12\/villa-1024x576.png 1024w, https:\/\/nova-bet.fr\/wp-content\/uploads\/2021\/12\/villa-300x169.png 300w, https:\/\/nova-bet.fr\/wp-content\/uploads\/2021\/12\/villa-768x432.png 768w, https:\/\/nova-bet.fr\/wp-content\/uploads\/2021\/12\/villa-1536x864.png 1536w, https:\/\/nova-bet.fr\/wp-content\/uploads\/2021\/12\/villa.png 1920w\" sizes=\"(max-width: 1024px) 100vw, 1024px\" \/><\/figure>\n\n\n\n<figure class=\"wp-block-image size-large\"><img loading=\"lazy\" width=\"714\" height=\"408\" src=\"http:\/\/puqxjtn.cluster029.hosting.ovh.net\/wp-content\/uploads\/2021\/12\/1n.jpg\" alt=\"\" class=\"wp-image-37\" srcset=\"https:\/\/nova-bet.fr\/wp-content\/uploads\/2021\/12\/1n.jpg 714w, https:\/\/nova-bet.fr\/wp-content\/uploads\/2021\/12\/1n-300x171.jpg 300w\" sizes=\"(max-width: 714px) 100vw, 714px\" \/><\/figure>\n\n\n\n<figure class=\"wp-block-image size-large\"><img loading=\"lazy\" width=\"720\" height=\"358\" src=\"http:\/\/puqxjtn.cluster029.hosting.ovh.net\/wp-content\/uploads\/2021\/12\/3n.jpg\" alt=\"\" class=\"wp-image-38\" srcset=\"https:\/\/nova-bet.fr\/wp-content\/uploads\/2021\/12\/3n.jpg 720w, https:\/\/nova-bet.fr\/wp-content\/uploads\/2021\/12\/3n-300x149.jpg 300w\" sizes=\"(max-width: 720px) 100vw, 720px\" \/><\/figure>\n\n\n\n<figure class=\"wp-block-image size-large\"><img loading=\"lazy\" width=\"721\" height=\"407\" src=\"http:\/\/puqxjtn.cluster029.hosting.ovh.net\/wp-content\/uploads\/2021\/12\/2n.jpg\" alt=\"\" class=\"wp-image-39\" srcset=\"https:\/\/nova-bet.fr\/wp-content\/uploads\/2021\/12\/2n.jpg 721w, https:\/\/nova-bet.fr\/wp-content\/uploads\/2021\/12\/2n-300x169.jpg 300w\" sizes=\"(max-width: 721px) 100vw, 721px\" \/><\/figure>\n\n\n\n<figure class=\"wp-block-image size-large\"><img loading=\"lazy\" width=\"717\" height=\"417\" src=\"http:\/\/puqxjtn.cluster029.hosting.ovh.net\/wp-content\/uploads\/2021\/12\/4n.jpg\" alt=\"\" class=\"wp-image-42\" srcset=\"https:\/\/nova-bet.fr\/wp-content\/uploads\/2021\/12\/4n.jpg 717w, https:\/\/nova-bet.fr\/wp-content\/uploads\/2021\/12\/4n-300x174.jpg 300w\" sizes=\"(max-width: 717px) 100vw, 717px\" \/><\/figure>\n\n\n<div class=\"wpforms-container wpforms-container-full\" id=\"wpforms-91\"><form id=\"wpforms-form-91\" class=\"wpforms-validate wpforms-form wpforms-ajax-form\" data-formid=\"91\" method=\"post\" enctype=\"multipart\/form-data\" action=\"\/index.php\/wp-json\/wp\/v2\/pages\/32\" data-token=\"7877ec0e668ab862f6fa6845cd4fd6f1\"><noscript class=\"wpforms-error-noscript\">Veuillez activer JavaScript dans votre navigateur pour remplir ce formulaire.<\/noscript><div class=\"wpforms-field-container\"><div id=\"wpforms-91-field_0-container\" class=\"wpforms-field wpforms-field-name\" data-field-id=\"0\"><label class=\"wpforms-field-label\" for=\"wpforms-91-field_0\">Mr Mme <span class=\"wpforms-required-label\">*<\/span><\/label><div class=\"wpforms-field-row wpforms-field-medium\"><div class=\"wpforms-field-row-block wpforms-first wpforms-one-half\"><input type=\"text\" id=\"wpforms-91-field_0\" class=\"wpforms-field-name-first wpforms-field-required\" name=\"wpforms[fields][0][first]\" required><label for=\"wpforms-91-field_0\" class=\"wpforms-field-sublabel after \">Pr\u00e9nom<\/label><\/div><div class=\"wpforms-field-row-block wpforms-one-half\"><input type=\"text\" id=\"wpforms-91-field_0-last\" class=\"wpforms-field-name-last wpforms-field-required\" name=\"wpforms[fields][0][last]\" required><label for=\"wpforms-91-field_0-last\" class=\"wpforms-field-sublabel after \">Nom<\/label><\/div><\/div><\/div><div id=\"wpforms-91-field_1-container\" class=\"wpforms-field wpforms-field-email\" data-field-id=\"1\"><label class=\"wpforms-field-label\" for=\"wpforms-91-field_1\">Email <span class=\"wpforms-required-label\">*<\/span><\/label><input type=\"email\" id=\"wpforms-91-field_1\" class=\"wpforms-field-medium wpforms-field-required\" name=\"wpforms[fields][1]\" required><\/div><div id=\"wpforms-91-field_2-container\" class=\"wpforms-field wpforms-field-textarea\" data-field-id=\"2\"><label class=\"wpforms-field-label\" for=\"wpforms-91-field_2\">QUESTION \/ DEMANDE  <span class=\"wpforms-required-label\">*<\/span><\/label><textarea id=\"wpforms-91-field_2\" class=\"wpforms-field-medium wpforms-field-required\" name=\"wpforms[fields][2]\" required><\/textarea><\/div><\/div><div class=\"wpforms-submit-container\"><input type=\"hidden\" name=\"wpforms[id]\" value=\"91\"><input type=\"hidden\" name=\"wpforms[author]\" value=\"1\"><button type=\"submit\" name=\"wpforms[submit]\" id=\"wpforms-submit-91\" class=\"wpforms-submit\" data-alt-text=\"Sending...\" data-submit-text=\"Submit\" aria-live=\"assertive\" value=\"wpforms-submit\">Submit<\/button><img src=\"https:\/\/nova-bet.fr\/wp-content\/plugins\/wpforms-lite\/assets\/images\/submit-spin.svg\" class=\"wpforms-submit-spinner\" style=\"display: none;\" width=\"26\" height=\"26\" alt=\"\"><\/div><\/form><\/div>  <!-- .wpforms-container -->","protected":false},"excerpt":{"rendered":"<p>En tant que particulier ou architecte, vous cherchez des techniciens et des ing\u00e9nieurs pour trouver des solutions optimales pour la structure, nous pouvons vous aider et assister \u00e0 la r\u00e9alisation du votre projet d&rsquo;une villa individuelle. PRESTATIONS Voici la liste des prestations que nous pouvons vous proposer pour b\u00e2tir votre villa\u00a0 la note des hypoth\u00e8ses [&hellip;]<\/p>\n","protected":false},"author":1,"featured_media":0,"parent":0,"menu_order":0,"comment_status":"closed","ping_status":"closed","template":"","meta":[],"yoast_head":"<!-- This site is optimized with the Yoast SEO plugin v17.8 - https:\/\/yoast.com\/wordpress\/plugins\/seo\/ -->\n<title>VILLAS INDIVIDUELLES - i N O V A<\/title>\n<meta name=\"description\" content=\"Les \u00e9tudes structurelles de votre future villa et les plans des fondations et des porteurs aux \u00e9tages, la recherche des solutions optimales\" \/>\n<meta name=\"robots\" content=\"index, follow, max-snippet:-1, max-image-preview:large, max-video-preview:-1\" \/>\n<link rel=\"canonical\" href=\"https:\/\/nova-bet.fr\/index.php\/villas-individuelles\/\" \/>\n<meta property=\"og:locale\" content=\"fr_FR\" \/>\n<meta property=\"og:type\" content=\"article\" \/>\n<meta property=\"og:title\" content=\"VILLAS INDIVIDUELLES - i N O V A\" \/>\n<meta property=\"og:description\" content=\"Les \u00e9tudes structurelles de votre future villa et les plans des fondations et des porteurs aux \u00e9tages, la recherche des solutions optimales\" \/>\n<meta property=\"og:url\" content=\"https:\/\/nova-bet.fr\/index.php\/villas-individuelles\/\" \/>\n<meta property=\"og:site_name\" content=\"i N O V A\" \/>\n<meta property=\"article:modified_time\" content=\"2022-01-04T18:24:04+00:00\" \/>\n<meta property=\"og:image\" content=\"https:\/\/nova-bet.fr\/wp-content\/uploads\/2021\/12\/r-architecture-A8W70m5jv_k-unsplash-1024x683.jpg\" \/>\n<meta name=\"twitter:card\" content=\"summary_large_image\" \/>\n<meta name=\"twitter:label1\" content=\"Dur\u00e9e de lecture estim\u00e9e\" \/>\n\t<meta name=\"twitter:data1\" content=\"3 minutes\" \/>\n<script type=\"application\/ld+json\" class=\"yoast-schema-graph\">{\"@context\":\"https:\/\/schema.org\",\"@graph\":[{\"@type\":\"Organization\",\"@id\":\"https:\/\/nova-bet.fr\/#organization\",\"name\":\"NOVA INGENIERIE\",\"url\":\"https:\/\/nova-bet.fr\/\",\"sameAs\":[],\"logo\":{\"@type\":\"ImageObject\",\"@id\":\"https:\/\/nova-bet.fr\/#logo\",\"inLanguage\":\"fr-FR\",\"url\":\"https:\/\/nova-bet.fr\/wp-content\/uploads\/2021\/12\/cropped-nova-star.jpg\",\"contentUrl\":\"https:\/\/nova-bet.fr\/wp-content\/uploads\/2021\/12\/cropped-nova-star.jpg\",\"width\":380,\"height\":80,\"caption\":\"NOVA INGENIERIE\"},\"image\":{\"@id\":\"https:\/\/nova-bet.fr\/#logo\"}},{\"@type\":\"WebSite\",\"@id\":\"https:\/\/nova-bet.fr\/#website\",\"url\":\"https:\/\/nova-bet.fr\/\",\"name\":\"i N O V A\",\"description\":\"Bureau d&#039;\\u00e9tudes techniques pour les particuliers \",\"publisher\":{\"@id\":\"https:\/\/nova-bet.fr\/#organization\"},\"potentialAction\":[{\"@type\":\"SearchAction\",\"target\":{\"@type\":\"EntryPoint\",\"urlTemplate\":\"https:\/\/nova-bet.fr\/?s={search_term_string}\"},\"query-input\":\"required name=search_term_string\"}],\"inLanguage\":\"fr-FR\"},{\"@type\":\"ImageObject\",\"@id\":\"https:\/\/nova-bet.fr\/index.php\/villas-individuelles\/#primaryimage\",\"inLanguage\":\"fr-FR\",\"url\":\"https:\/\/nova-bet.fr\/wp-content\/uploads\/2021\/12\/r-architecture-A8W70m5jv_k-unsplash.jpg\",\"contentUrl\":\"https:\/\/nova-bet.fr\/wp-content\/uploads\/2021\/12\/r-architecture-A8W70m5jv_k-unsplash.jpg\",\"width\":1920,\"height\":1280},{\"@type\":\"WebPage\",\"@id\":\"https:\/\/nova-bet.fr\/index.php\/villas-individuelles\/#webpage\",\"url\":\"https:\/\/nova-bet.fr\/index.php\/villas-individuelles\/\",\"name\":\"VILLAS INDIVIDUELLES - i N O V A\",\"isPartOf\":{\"@id\":\"https:\/\/nova-bet.fr\/#website\"},\"primaryImageOfPage\":{\"@id\":\"https:\/\/nova-bet.fr\/index.php\/villas-individuelles\/#primaryimage\"},\"datePublished\":\"2021-12-04T12:09:25+00:00\",\"dateModified\":\"2022-01-04T18:24:04+00:00\",\"description\":\"Les \\u00e9tudes structurelles de votre future villa et les plans des fondations et des porteurs aux \\u00e9tages, la recherche des solutions optimales\",\"breadcrumb\":{\"@id\":\"https:\/\/nova-bet.fr\/index.php\/villas-individuelles\/#breadcrumb\"},\"inLanguage\":\"fr-FR\",\"potentialAction\":[{\"@type\":\"ReadAction\",\"target\":[\"https:\/\/nova-bet.fr\/index.php\/villas-individuelles\/\"]}]},{\"@type\":\"BreadcrumbList\",\"@id\":\"https:\/\/nova-bet.fr\/index.php\/villas-individuelles\/#breadcrumb\",\"itemListElement\":[{\"@type\":\"ListItem\",\"position\":1,\"name\":\"Accueil\",\"item\":\"https:\/\/nova-bet.fr\/\"},{\"@type\":\"ListItem\",\"position\":2,\"name\":\"VILLAS INDIVIDUELLES\"}]}]}<\/script>\n<!-- \/ Yoast SEO plugin. -->","yoast_head_json":{"title":"VILLAS INDIVIDUELLES - i N O V A","description":"Les \u00e9tudes structurelles de votre future villa et les plans des fondations et des porteurs aux \u00e9tages, la recherche des solutions optimales","robots":{"index":"index","follow":"follow","max-snippet":"max-snippet:-1","max-image-preview":"max-image-preview:large","max-video-preview":"max-video-preview:-1"},"canonical":"https:\/\/nova-bet.fr\/index.php\/villas-individuelles\/","og_locale":"fr_FR","og_type":"article","og_title":"VILLAS INDIVIDUELLES - i N O V A","og_description":"Les \u00e9tudes structurelles de votre future villa et les plans des fondations et des porteurs aux \u00e9tages, la recherche des solutions optimales","og_url":"https:\/\/nova-bet.fr\/index.php\/villas-individuelles\/","og_site_name":"i N O V A","article_modified_time":"2022-01-04T18:24:04+00:00","og_image":[{"url":"https:\/\/nova-bet.fr\/wp-content\/uploads\/2021\/12\/r-architecture-A8W70m5jv_k-unsplash-1024x683.jpg"}],"twitter_card":"summary_large_image","twitter_misc":{"Dur\u00e9e de lecture estim\u00e9e":"3 minutes"},"schema":{"@context":"https:\/\/schema.org","@graph":[{"@type":"Organization","@id":"https:\/\/nova-bet.fr\/#organization","name":"NOVA INGENIERIE","url":"https:\/\/nova-bet.fr\/","sameAs":[],"logo":{"@type":"ImageObject","@id":"https:\/\/nova-bet.fr\/#logo","inLanguage":"fr-FR","url":"https:\/\/nova-bet.fr\/wp-content\/uploads\/2021\/12\/cropped-nova-star.jpg","contentUrl":"https:\/\/nova-bet.fr\/wp-content\/uploads\/2021\/12\/cropped-nova-star.jpg","width":380,"height":80,"caption":"NOVA INGENIERIE"},"image":{"@id":"https:\/\/nova-bet.fr\/#logo"}},{"@type":"WebSite","@id":"https:\/\/nova-bet.fr\/#website","url":"https:\/\/nova-bet.fr\/","name":"i N O V A","description":"Bureau d&#039;\u00e9tudes techniques pour les particuliers ","publisher":{"@id":"https:\/\/nova-bet.fr\/#organization"},"potentialAction":[{"@type":"SearchAction","target":{"@type":"EntryPoint","urlTemplate":"https:\/\/nova-bet.fr\/?s={search_term_string}"},"query-input":"required name=search_term_string"}],"inLanguage":"fr-FR"},{"@type":"ImageObject","@id":"https:\/\/nova-bet.fr\/index.php\/villas-individuelles\/#primaryimage","inLanguage":"fr-FR","url":"https:\/\/nova-bet.fr\/wp-content\/uploads\/2021\/12\/r-architecture-A8W70m5jv_k-unsplash.jpg","contentUrl":"https:\/\/nova-bet.fr\/wp-content\/uploads\/2021\/12\/r-architecture-A8W70m5jv_k-unsplash.jpg","width":1920,"height":1280},{"@type":"WebPage","@id":"https:\/\/nova-bet.fr\/index.php\/villas-individuelles\/#webpage","url":"https:\/\/nova-bet.fr\/index.php\/villas-individuelles\/","name":"VILLAS INDIVIDUELLES - i N O V A","isPartOf":{"@id":"https:\/\/nova-bet.fr\/#website"},"primaryImageOfPage":{"@id":"https:\/\/nova-bet.fr\/index.php\/villas-individuelles\/#primaryimage"},"datePublished":"2021-12-04T12:09:25+00:00","dateModified":"2022-01-04T18:24:04+00:00","description":"Les \u00e9tudes structurelles de votre future villa et les plans des fondations et des porteurs aux \u00e9tages, la recherche des solutions optimales","breadcrumb":{"@id":"https:\/\/nova-bet.fr\/index.php\/villas-individuelles\/#breadcrumb"},"inLanguage":"fr-FR","potentialAction":[{"@type":"ReadAction","target":["https:\/\/nova-bet.fr\/index.php\/villas-individuelles\/"]}]},{"@type":"BreadcrumbList","@id":"https:\/\/nova-bet.fr\/index.php\/villas-individuelles\/#breadcrumb","itemListElement":[{"@type":"ListItem","position":1,"name":"Accueil","item":"https:\/\/nova-bet.fr\/"},{"@type":"ListItem","position":2,"name":"VILLAS INDIVIDUELLES"}]}]}},"_links":{"self":[{"href":"https:\/\/nova-bet.fr\/index.php\/wp-json\/wp\/v2\/pages\/32"}],"collection":[{"href":"https:\/\/nova-bet.fr\/index.php\/wp-json\/wp\/v2\/pages"}],"about":[{"href":"https:\/\/nova-bet.fr\/index.php\/wp-json\/wp\/v2\/types\/page"}],"author":[{"embeddable":true,"href":"https:\/\/nova-bet.fr\/index.php\/wp-json\/wp\/v2\/users\/1"}],"replies":[{"embeddable":true,"href":"https:\/\/nova-bet.fr\/index.php\/wp-json\/wp\/v2\/comments?post=32"}],"version-history":[{"count":12,"href":"https:\/\/nova-bet.fr\/index.php\/wp-json\/wp\/v2\/pages\/32\/revisions"}],"predecessor-version":[{"id":272,"href":"https:\/\/nova-bet.fr\/index.php\/wp-json\/wp\/v2\/pages\/32\/revisions\/272"}],"wp:attachment":[{"href":"https:\/\/nova-bet.fr\/index.php\/wp-json\/wp\/v2\/media?parent=32"}],"curies":[{"name":"wp","href":"https:\/\/api.w.org\/{rel}","templated":true}]}}